{"id":159,"date":"2022-02-22T13:30:49","date_gmt":"2022-02-22T13:30:49","guid":{"rendered":"https:\/\/iso.webbreda.se\/?page_id=159"},"modified":"2022-02-22T14:46:51","modified_gmt":"2022-02-22T14:46:51","slug":"om-iso-konsult","status":"publish","type":"page","link":"https:\/\/iso.webbreda.se\/?page_id=159","title":{"rendered":"Om ISO konsult"},"content":{"rendered":"<!-- wp:themify-builder\/canvas \/--><!--themify_builder_static--><h1>Vi har varit med fr\u00e5n b\u00f6rjan<br\/>Genom v\u00e5r erfarenhet och kunskap v\u00e4gleder vi er<\/h1>\n<p>ISO-Konsult startade 1982 med inriktning p\u00e5 kundorienterade unders\u00f6kningar och resultatf\u00f6rb\u00e4ttringsprojekt b\u00e5de nationellt och internationellt. Ett framg\u00e5ngsrikt koncept som finns kvar \u00e4n i dag. Vi arbetar sj\u00e4lva med att st\u00e4ndigt utveckla v\u00e5r verksamhet och genom det arbetet har en rad nya tj\u00e4nster och produkter tagits fram.<\/p>\n<img decoding=\"async\" loading=\"lazy\" src=\"https:\/\/iso.webbreda.se\/wp-content\/uploads\/2021\/03\/samantha-gades-BlIhVfXbi9s-unsplash-1024x684-800x534.jpg\" width=\"800\" height=\"534\" title=\"samantha-gades-BlIhVfXbi9s-unsplash\" alt=\"samantha-gades-BlIhVfXbi9s-unsplash\" srcset=\"https:\/\/iso.webbreda.se\/wp-content\/uploads\/2021\/03\/samantha-gades-BlIhVfXbi9s-unsplash-1024x684-800x534.jpg 800w, https:\/\/iso.webbreda.se\/wp-content\/uploads\/2021\/03\/samantha-gades-BlIhVfXbi9s-unsplash-300x200.jpg 300w, https:\/\/iso.webbreda.se\/wp-content\/uploads\/2021\/03\/samantha-gades-BlIhVfXbi9s-unsplash-1024x684.jpg 1024w, https:\/\/iso.webbreda.se\/wp-content\/uploads\/2021\/03\/samantha-gades-BlIhVfXbi9s-unsplash-768x513.jpg 768w, https:\/\/iso.webbreda.se\/wp-content\/uploads\/2021\/03\/samantha-gades-BlIhVfXbi9s-unsplash-1536x1025.jpg 1536w, https:\/\/iso.webbreda.se\/wp-content\/uploads\/2021\/03\/samantha-gades-BlIhVfXbi9s-unsplash-2048x1367.jpg 2048w\" sizes=\"auto, (max-width: 800px) 100vw, 800px\" \/>\n<h2>Vi anpassar v\u00e5ra uppdrag efter varje specifika situation<\/h2> <p>Tillsammans med v\u00e5ra kunder inf\u00f6r, utvecklar och f\u00f6rb\u00e4ttrar vi ledningssystem. Ett fungerande ledningssystem ligger till grund f\u00f6r en bra och framg\u00e5ngsrik f\u00f6retagskultur. Genom att anv\u00e4nda er av v\u00e5r kunskap, erfarenhet och f\u00e4rdiga l\u00f6sningar f\u00f6renklar och effektiviserar ni ert arbete.\u00a0<\/p> <p><br \/>Vi hj\u00e4lper f\u00f6retag i olika branscher som ____________________- f\u00f6r att n\u00e4mna n\u00e5gra exempel:<\/p> <p>-F\u00f6r att st\u00e4rka de interna processerna <br \/>-Att minska kostnaderna <br \/>-Att \u00f6ka produktiviteten <br \/>-Med mera<\/p>\n<section>\n<p>Jag tr\u00e4ffar dig g\u00e4rna och ser \u00f6ver dina behov och svarar p\u00e5 fr\u00e5gor. Kontakta oss redan idag \u2013 du kan fr\u00e5ga oss om allt och vi st\u00f6ttar dig hela v\u00e4gen fram till ett toppeffektivt system.<\/p>\nViveca Ring ISO konsult\n<\/section> <section>\n<p><a href=\"mailto:viveca@isokonsult.se\" target=\"_blank\" rel=\"noopener noreferrer\">viveca@isokonsult.se<\/a><br \/>070-736 10 89<br \/>Box 2125<br \/>135 02 Tyres\u00f6<\/p>\n<\/section>\n<h3>ISO konsult med inriktning p\u00e5 milj\u00f6, arbetsmilj\u00f6 och verksamhetsutveckling.<\/h3><!--\/themify_builder_static-->","protected":false},"excerpt":{"rendered":"<p>Vi har varit med fr\u00e5n b\u00f6rjanGenom v\u00e5r erfarenhet och kunskap v\u00e4gleder vi er ISO-Konsult startade 1982 med inriktning p\u00e5 kundorienterade unders\u00f6kningar och resultatf\u00f6rb\u00e4ttringsprojekt b\u00e5de nationellt och internationellt. Ett framg\u00e5ngsrikt koncept som finns kvar \u00e4n i dag. Vi arbetar sj\u00e4lva med att st\u00e4ndigt utveckla v\u00e5r verksamhet och genom det arbetet har en rad nya tj\u00e4nster och [&hellip;]<\/p>\n","protected":false},"author":1,"featured_media":0,"parent":0,"menu_order":0,"comment_status":"closed","ping_status":"closed","template":"","meta":{"footnotes":""},"class_list":["post-159","page","type-page","status-publish","hentry","has-post-title","has-post-date","has-post-category","has-post-tag","has-post-comment","has-post-author",""],"builder_content":"<h1>Vi har varit med fr\u00e5n b\u00f6rjan<br\/>Genom v\u00e5r erfarenhet och kunskap v\u00e4gleder vi er<\/h1>\n<p>ISO-Konsult startade 1982 med inriktning p\u00e5 kundorienterade unders\u00f6kningar och resultatf\u00f6rb\u00e4ttringsprojekt b\u00e5de nationellt och internationellt. Ett framg\u00e5ngsrikt koncept som finns kvar \u00e4n i dag. Vi arbetar sj\u00e4lva med att st\u00e4ndigt utveckla v\u00e5r verksamhet och genom det arbetet har en rad nya tj\u00e4nster och produkter tagits fram.<\/p>\n<img src=\"https:\/\/iso.webbreda.se\/wp-content\/uploads\/2021\/03\/samantha-gades-BlIhVfXbi9s-unsplash-1024x684-800x534.jpg\" width=\"800\" height=\"534\" title=\"samantha-gades-BlIhVfXbi9s-unsplash\" alt=\"samantha-gades-BlIhVfXbi9s-unsplash\" srcset=\"https:\/\/iso.webbreda.se\/wp-content\/uploads\/2021\/03\/samantha-gades-BlIhVfXbi9s-unsplash-1024x684-800x534.jpg 800w, https:\/\/iso.webbreda.se\/wp-content\/uploads\/2021\/03\/samantha-gades-BlIhVfXbi9s-unsplash-300x200.jpg 300w, https:\/\/iso.webbreda.se\/wp-content\/uploads\/2021\/03\/samantha-gades-BlIhVfXbi9s-unsplash-1024x684.jpg 1024w, https:\/\/iso.webbreda.se\/wp-content\/uploads\/2021\/03\/samantha-gades-BlIhVfXbi9s-unsplash-768x513.jpg 768w, https:\/\/iso.webbreda.se\/wp-content\/uploads\/2021\/03\/samantha-gades-BlIhVfXbi9s-unsplash-1536x1025.jpg 1536w, https:\/\/iso.webbreda.se\/wp-content\/uploads\/2021\/03\/samantha-gades-BlIhVfXbi9s-unsplash-2048x1367.jpg 2048w\" sizes=\"(max-width: 800px) 100vw, 800px\" \/>\n<h2>Vi anpassar v\u00e5ra uppdrag efter varje specifika situation<\/h2> <p>Tillsammans med v\u00e5ra kunder inf\u00f6r, utvecklar och f\u00f6rb\u00e4ttrar vi ledningssystem. Ett fungerande ledningssystem ligger till grund f\u00f6r en bra och framg\u00e5ngsrik f\u00f6retagskultur. Genom att anv\u00e4nda er av v\u00e5r kunskap, erfarenhet och f\u00e4rdiga l\u00f6sningar f\u00f6renklar och effektiviserar ni ert arbete.\u00a0<\/p> <p><br \/>Vi hj\u00e4lper f\u00f6retag i olika branscher som ____________________- f\u00f6r att n\u00e4mna n\u00e5gra exempel:<\/p> <p>-F\u00f6r att st\u00e4rka de interna processerna <br \/>-Att minska kostnaderna <br \/>-Att \u00f6ka produktiviteten <br \/>-Med mera<\/p>\n<section>\n<p>Jag tr\u00e4ffar dig g\u00e4rna och ser \u00f6ver dina behov och svarar p\u00e5 fr\u00e5gor. Kontakta oss redan idag \u2013 du kan fr\u00e5ga oss om allt och vi st\u00f6ttar dig hela v\u00e4gen fram till ett toppeffektivt system.<\/p>\nViveca Ring ISO konsult\n<\/section> <section>\n<p><a href=\"mailto:viveca@isokonsult.se\" target=\"_blank\" rel=\"noopener noreferrer\">viveca@isokonsult.se<\/a><br \/>070-736 10 89<br \/>Box 2125<br \/>135 02 Tyres\u00f6<\/p>\n<\/section>\n<h3>ISO konsult med inriktning p\u00e5 milj\u00f6, arbetsmilj\u00f6 och verksamhetsutveckling.<\/h3>","_links":{"self":[{"href":"https:\/\/iso.webbreda.se\/index.php?rest_route=\/wp\/v2\/pages\/159","targetHints":{"allow":["GET"]}}],"collection":[{"href":"https:\/\/iso.webbreda.se\/index.php?rest_route=\/wp\/v2\/pages"}],"about":[{"href":"https:\/\/iso.webbreda.se\/index.php?rest_route=\/wp\/v2\/types\/page"}],"author":[{"embeddable":true,"href":"https:\/\/iso.webbreda.se\/index.php?rest_route=\/wp\/v2\/users\/1"}],"replies":[{"embeddable":true,"href":"https:\/\/iso.webbreda.se\/index.php?rest_route=%2Fwp%2Fv2%2Fcomments&post=159"}],"version-history":[{"count":16,"href":"https:\/\/iso.webbreda.se\/index.php?rest_route=\/wp\/v2\/pages\/159\/revisions"}],"predecessor-version":[{"id":191,"href":"https:\/\/iso.webbreda.se\/index.php?rest_route=\/wp\/v2\/pages\/159\/revisions\/191"}],"wp:attachment":[{"href":"https:\/\/iso.webbreda.se\/index.php?rest_route=%2Fwp%2Fv2%2Fmedia&parent=159"}],"curies":[{"name":"wp","href":"https:\/\/api.w.org\/{rel}","templated":true}]}}